 digit of y?
5
Let b(g) = g**3 + 12*g**2 - 16*g - 10. What is the units digit of b(-13)?
9
Let y = 42 - 35. What is the units digit of y?
7
Suppose -51 + 300 = 3*r. What is the units digit of r?
3
Let t(q) be the first derivative of -q**3/3 + 3*q**2 + 2*q - 2. Let r be t(5). What is the units digit of 0 - 2 - (-21)/r?
1
What is the tens digit of 410/18 + (-14)/(-63)?
2
Suppose -7 = 2*z - 1. Let q be z/(9/(-39)) + 1. Let c = q - 3. What is the units digit of c?
1
Suppose -4*f + 0*f = 0. Suppose -t + b + 3*b + 23 = 0, -5*t + b + 39 = f. What is the units digit of t?
7
Let f(b) = -2*b**3 - 5*b**2 - 2*b + 3. What is the units digit of f(-4)?
9
Let w(b) = -2 + 0*b**2 + 4*b**3 + 3*b**2 - 3*b**3. Let x be w(-3). What is the units digit of (6/(-7))/(x/14)?
6
Let k(r) = 10*r**3 + r**2 - r + 1. Let o be k(1). Suppose 0 = 2*q - o + 1. What is the units digit of q?
5
Let y be -1 + 1 - 3/(-3). Let d be (-3 - -5)*1/2. What is the units digit of (2 + y/(-1))/d?
1
What is the units digit of 105/10 - 3/(-6)?
1
Let n(k) be the third derivative of -k**5/60 - 5*k**4/12 + k**3/6 + 4*k**2. What is the tens digit of n(-8)?
1
Let d be (-30)/(-8) - 2/(-8). Suppose 0*p = 2*p + d. What is the units digit of ((-6)/(-4))/((-1)/p)?
3
Suppose -39*q + 32*q + 1631 = 0. What is the hundreds digit of q?
2
Let d(c) = 16*c**2 - 4*c + 7. What is the tens digit of d(3)?
3
Let d = 2 - -1. Let j(p) = 10*p**3 + 3*p**2 + 5*p - 7*p**2 - d - 9*p**3. What is the tens digit of j(4)?
1
Suppose 0 = 4*o - 5*h + 35, -5*h - 8 + 28 = -o. Let n(a) = -4*a + 1 - 2 + a**3 + 6*a**2 + 7*a. What is the units digit of n(o)?
9
Let c = -21 - -17. Let q = 15 + c. What is the tens digit of q?
1
Suppose -2*q + 5*g - 30 = -4*q, 4*q - 60 = -4*g. Suppose 3*j - 45 = 4*o, -o = j + 2*o - q. What is the tens digit of j?
1
Let k(n) be the third derivative of n**6/120 + n**5/120 - n**4/24 + n**2. Let v(z) be the second derivative of k(z). What is the units digit of v(1)?
7
Suppose 0 = 2*p - 50 - 46. Suppose 0 = -0*r - 3*r + p. What is the units digit of r?
6
Let q = -8 + 6. Let g be 5 + (-6 + 3 - q). Suppose t - 14 = 2*w, 0 = -3*t + g*w + 23 + 9. What is the units digit of t?
4
Suppose m + 5 = 0, m + 3*m + 635 = 5*j. What is the hundreds digit of j?
1
Suppose 0 = 4*k + a + a - 46, -2*k = 5*a - 11. Let w be (-4)/(-10) - 32/(-20). Suppose k = -w*h + 33. What is the tens digit of h?
1
Suppose -2*r + 59 = -m, -m = 4*r - 127 + 24. What is the units digit of r?
7
Let y = 30 + 3. Suppose 153 = 3*z + y. Suppose z = 3*r + r. What is the tens digit of r?
1
Suppose 0 = 5*z + 2*r - 130, -5*r - 40 = -15. Suppose 2*n + 2*n - 2*x = 16, 4*n = -4*x + z. What is the units digit of n?
5
Suppose 2*u + s - 24 = -4*s, -3*u + 36 = -2*s. What is the units digit of (-56)/(-10) - u/(-30)?
6
Suppose -8*o = -3*o + 75. What is the units digit of (-220)/8*18/o?
3
Let y = 26 - 1. What is the units digit of y/4 + 5/(-20)?
6
Let q(c) = c**3 + 10*c**2 - 10*c. What is the hundreds digit of q(-10)?
1
Suppose -5*a - 6*a + 1452 = 0. What is the tens digit of a?
3
Suppose -3*b + 84 = -0*b. What is the tens digit of b?
2
Suppose -2*k + 3*z = k - 30, 3*k = z + 20. What is the units digit of 14 + k/(5/3)?
7
Suppose -i = -g + 1, i + 9 = 2*g + 3. What is the units digit of i?
4
Let n(h) = 2*h**3 - 6*h**2 + 5*h - 2. What is the tens digit of n(4)?
5
Let n(u) = 0 + 0 - 9*u + 11*u. What is the tens digit of n(12)?
2
Let v(u) = -u**2 + 8*u - 9. Let p be v(6). Suppose -p*n + 1 = -2. Suppose -h - 2*a - n = 0, 2*h - 4*a + 0*a - 22 = 0. What is the units digit of h?
5
Suppose 2*i - 3 + 5 = 0. Let c be 2/i + (4 - -1). Suppose n + 2 = c. What is the units digit of n?
1
Let j(k) = 5*k**2 - k - 1. What is the tens digit of j(6)?
7
Let p(c) = c**3 - 5*c**2 - 7*c + 9. Let s be p(6). Suppose -2*w - 5*t + 48 = 7, 0 = s*t - 15. Suppose w + 46 = 3*o. What is the tens digit of o?
1
Suppose 22*d = 17*d + 715. What is the units digit of d?
3
Let m = -31 + 54. What is the tens digit of m?
2
Suppose 2*u - 159 = 3*o - 4, 5*u + 2*o = 416. Let m be u/6 + (-1)/(-3). Suppose 2*h = 2 + m. What is the units digit of h?
8
Suppose -2*r = r - 9. Let l(h) = 2*h + 2. Let v be l(1). Suppose -w - f + v = -r, 3*f + 27 = w. What is the tens digit of w?
1
Let k(x) be the first derivative of 9*x**3 - x - 1. What is the tens digit of k(-1)?
2
Let m(l) = -l**3 - 7*l**2 - 8*l - 9. Let p be m(-6). Suppose q + p - 11 = 0. What is the units digit of q?
8
Let r(j) = 13*j**3 + j**2 - 1. Suppose -2*q + 2 = -0*q. Let b be r(q). Let w = b - 3. What is the tens digit of w?
1
Let m = 25 - 21. Suppose -x = -m*z + 3 + 86, 72 = 3*z + x. What is the units digit of z?
3
Suppose -4*g = f - 5*f + 28, f + 13 = 5*g. What is the tens digit of f?
1
Let w = 15 + -11. Suppose -5*h = w*l - 6, h - 5*l - 3 = 2*h. What is the units digit of h?
2
Let c = 17 - 12. Suppose 2*k - 3 - 3 = 2*z, c*z = -k + 15. What is the units digit of k?
5
Suppose 0 = -4*o - 1 + 9. Let j(x) = -x - 1. Let p be j(-2). Suppose -2*t = b - 17, t - 3*b = -o*b + p. What is the units digit of t?
6
Suppose -3*o = -2*o - 15. What is the tens digit of o?
1
Let j(m) = 2*m**2 - 10*m + 25. What is the units digit of j(12)?
3
Let z be 25/(-1)*(-3 - -2). Suppose 0*f + 75 = 3*f - 5*j, -3*j + 91 = 5*f. Suppose -3*q + 2*u = -z, 7*u = -4*q + 3*u + f. What is the units digit of q?
7
Let j be (-6)/(-4)*(3 - -13). Let b(g) = -g**2 + 5*g - 6. Let y be b(5). What is the units digit of (2/y)/((-2)/j)?
4
Suppose -3*l + c + 57 = 6*c, -5*l - 4*c = -108. What is the tens digit of l?
2
Suppose a = -2*d - 0*d, 0 = 2*a - 2*d - 24. What is the units digit of a?
8
Let h(u) = -2*u**3 - 13*u**2 - 14*u - 8. What is the units digit of h(-6)?
0
What is the units digit of (-20)/40 + (-203)/(-2)?
1
Let o(m) = m**2 - 4*m + 3. Let w be o(3). Suppose w = -5*q - 3*x + 205, -196 = -0*q - 4*q + 4*x. What is the tens digit of q?
4
Let p(f) = f - 1. Let o be p(1). What is the units digit of (-19 - o)*(1 + -2)?
9
Let t(o) = -o**2 - 9*o - 7. Suppose 0 = -3*r - 15, -a + 0*a + 3*r = -8. What is the units digit of t(a)?
7
Let b = 18 - 9. Let x(i) be the second derivative of i**3/6 + 5*i. What is the units digit of x(b)?
9
Let r = 83 + 72. What is the units digit of r?
5
What is the units digit of 6/16 + (-6543)/(-24)?
3
Let z(c) = c + 113. What is the hundreds digit of z(0)?
1
Let m(w) = -1 - w + 2*w + w**2 - 10*w**3 + 1. Suppose -3*i = -2*x + 10, 7 - 30 = 3*x + 5*i. What is the tens digit of m(x)?
1
Suppose -3*h + 37 = -14. Suppose 142 = 5*j + h. What is the tens digit of j?
2
Let g = 5 + -13. Let j = -1 - g. What is the units digit of j?
7
What is the tens digit of ((4 - 3) + 18)/1?
1
Suppose 8*a = 4*a + 324. What is the tens digit of a?
8
Suppose -5*p - 280 = -3*q, -4*q + 314 = 2*p - 16. What is the tens digit of q?
8
Suppose 0*c = -c + 50. What is the tens digit of c?
5
Suppose -3*t = -n - 6, -2*t + 0 + 4 = -5*n. Let v(d) = -d**2 + 12. Let i be v(n). Suppose -i + 40 = 4*g. What is the units digit of g?
7
Let m(n) = -29*n**3 - 9*n**2 - 3. Let u(t) = -15*t**3 - 4*t**2 - 1. Let c(s) = 2*m(s) - 5*u(s). Let v be c(1). Let r = v + -11. What is the units digit of r?
7
Let g = -28 + 47. What is the units digit of 0 + g + (-1 - -2)?
0
Suppose 0 = -4*i - 5*b + 8, i + 3*b = 5*i - 8. What is the tens digit of 45 - (1 - i)*-2?
4
Suppose -3*v + t = 3 - 5, -v + 3*t + 14 = 0. What is the units digit of (-150)/(-12)*(v + 3)?
5
Let x be 1/((-1)/(-2)) + 12. Suppose -x = -s + 9. What is the units digit of s?
3
Let w = -3 + 5. Let i be 5*w/(-4)*-2. Suppose 2*z + 2*f = 10, i*z - 5*f + 8 = -7. What is the units digit of z?
1
Let x(u) = 2*u - 5. Let z be x(6). Suppose 5*h = 23 + z. Suppose -h*l + 4 = -4*l. What is the units digit of l?
2
Let m = -27 + 41. Let o be (-52)/m + 2/(-7). What is the units digit of ((-18)/o)/((-2)/(-4))?
9
Let g(r) = r**2 - 9*r + 13. What is the units digit of g(12)?
9
Let c = 2 - -3. Suppose 6 = -2*w + c*w. Let s = 0 + w. What is the units digit of s?
2
Let s(q) = -q + 1. Let l be s(-1). What is the units digit of 3/(12/l)*30?
5
What is the units digit of 1/((-2)/6) - -21?
8
Suppose 0 = -3*q, -12 = -2*a - 3*q + 2*q. Let n be 3/(-2)*8/3. Let i = n + a. What is the units digit of i?
2
Suppose 117 = 5*b - 23. What is the tens digit of b?
2
Suppose 4*g - 3*a = a + 124, a = 5*g - 155. What is the 